{"id":10582,"date":"2020-11-09T11:07:39","date_gmt":"2020-11-09T11:07:39","guid":{"rendered":"https:\/\/aims.cat\/?page_id=10582"},"modified":"2022-01-14T17:46:46","modified_gmt":"2022-01-14T17:46:46","slug":"astrid_steinschaden","status":"publish","type":"page","link":"https:\/\/aims.cat\/ca\/aims-academia\/professorat\/astrid_steinschaden\/","title":{"rendered":"Astrid Steinschaden"},"content":{"rendered":"<p>[et_pb_section fb_built=&#8221;1&#8243; custom_padding_last_edited=&#8221;on|desktop&#8221; _builder_version=&#8221;3.22&#8243; custom_padding_tablet=&#8221;50px|0|50px|0&#8243; custom_padding_phone=&#8221;&#8221; custom_css_main_element=&#8221;padding-bottom:0px;&#8221; transparent_background=&#8221;off&#8221; padding_mobile=&#8221;off&#8221;][et_pb_row _builder_version=&#8221;3.25&#8243; background_size=&#8221;initial&#8221; background_position=&#8221;top_left&#8221; background_repeat=&#8221;repeat&#8221;][et_pb_column type=&#8221;4_4&#8243; _builder_version=&#8221;3.25&#8243; custom_padding=&#8221;|||&#8221; custom_padding__hover=&#8221;|||&#8221;][et_pb_post_title meta=&#8221;off&#8221; featured_image=&#8221;off&#8221; text_color=&#8221;light&#8221; text_background=&#8221;on&#8221; text_bg_color=&#8221;#222222&#8243; admin_label=&#8221;T\u00edtulo de publicaci\u00f3n&#8221; _builder_version=&#8221;3.0.74&#8243; title_font_size=&#8221;18px&#8221; title_all_caps=&#8221;off&#8221; background_color=&#8221;rgba(255,255,255,0)&#8221; parallax=&#8221;on&#8221; parallax_method=&#8221;off&#8221; parallax_effect=&#8221;on&#8221; module_bg_color=&#8221;rgba(255,255,255,0)&#8221;]<\/p>\n<p>\n&nbsp;<\/p>\n<p>[\/et_pb_post_title][\/et_pb_column][\/et_pb_row][\/et_pb_section][et_pb_section fb_built=&#8221;1&#8243; custom_padding_last_edited=&#8221;on|desktop&#8221; _builder_version=&#8221;3.22&#8243; custom_padding_tablet=&#8221;50px|0|50px|0&#8243; custom_padding_phone=&#8221;&#8221; custom_css_main_element=&#8221;padding-top:0px;&#8221; transparent_background=&#8221;off&#8221; padding_mobile=&#8221;off&#8221;][et_pb_row column_structure=&#8221;1_3,2_3&#8243; _builder_version=&#8221;3.25&#8243; background_size=&#8221;initial&#8221; background_position=&#8221;top_left&#8221; background_repeat=&#8221;repeat&#8221;][et_pb_column type=&#8221;1_3&#8243; _builder_version=&#8221;3.25&#8243; custom_padding=&#8221;|||&#8221; custom_padding__hover=&#8221;|||&#8221;][et_pb_image src=&#8221;https:\/\/aims.cat\/wp-content\/uploads\/2020\/11\/image1-Kopie.jpeg&#8221; title_text=&#8221;image1 &#8211; Kopie&#8221; show_in_lightbox=&#8221;on&#8221; align_tablet=&#8221;center&#8221; align_phone=&#8221;&#8221; align_last_edited=&#8221;on|desktop&#8221; _builder_version=&#8221;4.4.9&#8243; always_center_on_mobile=&#8221;on&#8221;]<\/p>\n<p>\n&nbsp;<\/p>\n<p>[\/et_pb_image][\/et_pb_column][et_pb_column type=&#8221;2_3&#8243; _builder_version=&#8221;3.25&#8243; custom_padding=&#8221;|||&#8221; custom_padding__hover=&#8221;|||&#8221;][et_pb_text admin_label=&#8221;Texto&#8221; _builder_version=&#8221;4.4.9&#8243; background_size=&#8221;initial&#8221; background_position=&#8221;top_left&#8221; background_repeat=&#8221;repeat&#8221;]<\/p>\n<p>Astrid Steinschaden neix a Salzburg, \u00c0ustria.<\/p>\n<p>Rep les seves primeras classes de piano a la edat de cinc anys amb el professor Anton Czjzek. Acaba els seus estudis superiors i &#8220;Master-Studies&#8221; a la prestigiosa Universitat &#8220;Mozarteum&#8221; a Salzburg amb matr\u00edcula d\u2019honor, amb els professors Karl-Heinz K\u00e4mmerling i Cordelia H\u00f6fer. Realitza estudis de perfeccionament amb Stanislav Pochekin a Barcelona.<\/p>\n<p>Astrid \u00e9s guanyadora de concursos internacionals, com a solista, amb grups de m\u00fasica de c\u00e1mara i com a pianista acompanyant.<\/p>\n<p>Realitza concerts en festivals importants a Europa i Estats Units(Gstaad Sommets Musicaux, Berleburger Musikfestival, Societ\u00e0 di Quartetto di Bergamo, Festival \u201cMax-Reger\u201d, etc.), i en sales tan famoses com la Berliner Philharmonie, Yamaha Center New York, Vaticano di Roma, Mozarteum Salzburg, Conservatorio de Sant Petersburg, entre altres.<\/p>\n<p>Treballa regularment com a pianista acompanyant en masterclasses internacionals, com per exemple: Internationale Sommerakademie Mozarteum, Curso Internacional de M\u00fasica de Cervera, Internationale Musiktage Bad Leonfelden, Bayerischer Tonk\u00fcnstlerverband,etc., treballant amb professors tan reconeguts com Thomas Riebl, Clemens Hagen, Leonidas Kavakos, Andr\u00e1s Keller, Igor Ozim, Gary Hoffman, Laurentiu Sbarcea, entre altres.<\/p>\n<p>Astrid Steinschaden actualment \u00e9s pianista acompanyant de corda i vent a l\u2019Escola Superior de M\u00fasica de Catalunya (ESMUC) i al Conservatori Superior del Liceu a Barcelona.<\/p>\n<p>&nbsp;<\/p>\n<p>[\/et_pb_text][\/et_pb_column][\/et_pb_row][\/et_pb_section]<\/p>\n","protected":false},"excerpt":{"rendered":"<p>&nbsp; &nbsp; Astrid Steinschaden neix a Salzburg, \u00c0ustria. Rep les seves primeras classes de piano a la edat de cinc anys amb el professor Anton Czjzek. Acaba els seus estudis [&hellip;]<\/p>\n","protected":false},"author":2,"featured_media":0,"parent":1465,"menu_order":0,"comment_status":"closed","ping_status":"closed","template":"","meta":{"_acf_changed":false,"_et_pb_use_builder":"on","_et_pb_old_content":"","_et_gb_content_width":"","footnotes":"","_links_to":"","_links_to_target":""},"class_list":["post-10582","page","type-page","status-publish","hentry"],"acf":[],"_links":{"self":[{"href":"https:\/\/aims.cat\/ca\/wp-json\/wp\/v2\/pages\/10582","targetHints":{"allow":["GET"]}}],"collection":[{"href":"https:\/\/aims.cat\/ca\/wp-json\/wp\/v2\/pages"}],"about":[{"href":"https:\/\/aims.cat\/ca\/wp-json\/wp\/v2\/types\/page"}],"author":[{"embeddable":true,"href":"https:\/\/aims.cat\/ca\/wp-json\/wp\/v2\/users\/2"}],"replies":[{"embeddable":true,"href":"https:\/\/aims.cat\/ca\/wp-json\/wp\/v2\/comments?post=10582"}],"version-history":[{"count":1,"href":"https:\/\/aims.cat\/ca\/wp-json\/wp\/v2\/pages\/10582\/revisions"}],"predecessor-version":[{"id":13079,"href":"https:\/\/aims.cat\/ca\/wp-json\/wp\/v2\/pages\/10582\/revisions\/13079"}],"up":[{"embeddable":true,"href":"https:\/\/aims.cat\/ca\/wp-json\/wp\/v2\/pages\/1465"}],"wp:attachment":[{"href":"https:\/\/aims.cat\/ca\/wp-json\/wp\/v2\/media?parent=10582"}],"curies":[{"name":"wp","href":"https:\/\/api.w.org\/{rel}","templated":true}]}}

<p>[et_pb_section fb_built=&#8221;1&#8243; custom_padding_last_edited=&#8221;on|desktop&#8221; _builder_version=&#8221;3.22&#8243; custom_padding_tablet=&#8221;50px|0|50px|0&#8243; custom_padding_phone=&#8221;&#8221; custom_css_main_element=&#8221;padding-bottom:0px;&#8221; transparent_background=&#8221;off&#8221; padding_mobile=&#8221;off&#8221;][et_pb_row _builder_version=&#8221;3.25&#8243; background_size=&#8221;initial&#8221; background_position=&#8221;top_left&#8221; background_repeat=&#8221;repeat&#8221;][et_pb_column type=&#8221;4_4&#8243; _builder_version=&#8221;3.25&#8243; custom_padding=&#8221;|||&#8221; custom_padding__hover=&#8221;|||&#8221;][et_pb_post_title meta=&#8221;off&#8221; featured_image=&#8221;off&#8221; text_color=&#8221;light&#8221; text_background=&#8221;on&#8221; text_bg_color=&#8221;#222222&#8243; admin_label=&#8221;Título de publicación&#8221; _builder_version=&#8221;3.0.74&#8243; title_font_size=&#8221;18px&#8221; title_all_caps=&#8221;off&#8221; background_color=&#8221;rgba(255,255,255,0)&#8221; parallax=&#8221;on&#8221; parallax_method=&#8221;off&#8221; parallax_effect=&#8221;on&#8221; module_bg_color=&#8221;rgba(255,255,255,0)&#8221;]</p>
<p>
&nbsp;</p>
<p>[/et_pb_post_title][/et_pb_column][/et_pb_row][/et_pb_section][et_pb_section fb_built=&#8221;1&#8243; custom_padding_last_edited=&#8221;on|desktop&#8221; _builder_version=&#8221;3.22&#8243; custom_padding_tablet=&#8221;50px|0|50px|0&#8243; custom_padding_phone=&#8221;&#8221; custom_css_main_element=&#8221;padding-top:0px;&#8221; transparent_background=&#8221;off&#8221; padding_mobile=&#8221;off&#8221;][et_pb_row column_structure=&#8221;1_3,2_3&#8243; _builder_version=&#8221;3.25&#8243; background_size=&#8221;initial&#8221; background_position=&#8221;top_left&#8221; background_repeat=&#8221;repeat&#8221;][et_pb_column type=&#8221;1_3&#8243; _builder_version=&#8221;3.25&#8243; custom_padding=&#8221;|||&#8221; custom_padding__hover=&#8221;|||&#8221;][et_pb_image src=&#8221;https://aims.cat/wp-content/uploads/2020/11/image1-Kopie.jpeg&#8221; title_text=&#8221;image1 &#8211; Kopie&#8221; show_in_lightbox=&#8221;on&#8221; align_tablet=&#8221;center&#8221; align_phone=&#8221;&#8221; align_last_edited=&#8221;on|desktop&#8221; _builder_version=&#8221;4.4.9&#8243; always_center_on_mobile=&#8221;on&#8221;]</p>
<p>
&nbsp;</p>
<p>[/et_pb_image][/et_pb_column][et_pb_column type=&#8221;2_3&#8243; _builder_version=&#8221;3.25&#8243; custom_padding=&#8221;|||&#8221; custom_padding__hover=&#8221;|||&#8221;][et_pb_text admin_label=&#8221;Texto&#8221; _builder_version=&#8221;4.4.9&#8243; background_size=&#8221;initial&#8221; background_position=&#8221;top_left&#8221; background_repeat=&#8221;repeat&#8221;]</p>
<p>Astrid Steinschaden neix a Salzburg, Àustria.</p>
<p>Rep les seves primeras classes de piano a la edat de cinc anys amb el professor Anton Czjzek. Acaba els seus estudis superiors i &#8220;Master-Studies&#8221; a la prestigiosa Universitat &#8220;Mozarteum&#8221; a Salzburg amb matrícula d’honor, amb els professors Karl-Heinz Kämmerling i Cordelia Höfer. Realitza estudis de perfeccionament amb Stanislav Pochekin a Barcelona.</p>
<p>Astrid és guanyadora de concursos internacionals, com a solista, amb grups de música de cámara i com a pianista acompanyant.</p>
<p>Realitza concerts en festivals importants a Europa i Estats Units(Gstaad Sommets Musicaux, Berleburger Musikfestival, Società di Quartetto di Bergamo, Festival “Max-Reger”, etc.), i en sales tan famoses com la Berliner Philharmonie, Yamaha Center New York, Vaticano di Roma, Mozarteum Salzburg, Conservatorio de Sant Petersburg, entre altres.</p>
<p>Treballa regularment com a pianista acompanyant en masterclasses internacionals, com per exemple: Internationale Sommerakademie Mozarteum, Curso Internacional de Música de Cervera, Internationale Musiktage Bad Leonfelden, Bayerischer Tonkünstlerverband,etc., treballant amb professors tan reconeguts com Thomas Riebl, Clemens Hagen, Leonidas Kavakos, András Keller, Igor Ozim, Gary Hoffman, Laurentiu Sbarcea, entre altres.</p>
<p>Astrid Steinschaden actualment és pianista acompanyant de corda i vent a l’Escola Superior de Música de Catalunya (ESMUC) i al Conservatori Superior del Liceu a Barcelona.</p>
<p>&nbsp;</p>
<p>[/et_pb_text][/et_pb_column][/et_pb_row][/et_pb_section]</p>

<p>&nbsp; &nbsp; Astrid Steinschaden neix a Salzburg, Àustria. Rep les seves primeras classes de piano a la edat de cinc anys amb el professor Anton Czjzek. Acaba els seus estudis [&hellip;]</p>
