{"id":17719,"date":"2025-11-03T09:51:51","date_gmt":"2025-11-03T09:51:51","guid":{"rendered":"https:\/\/aims.cat\/?page_id=17719"},"modified":"2025-11-18T10:14:20","modified_gmt":"2025-11-18T10:14:20","slug":"anna-puig","status":"publish","type":"page","link":"https:\/\/aims.cat\/es\/anna-puig\/","title":{"rendered":"Anna Puig"},"content":{"rendered":"<p>[et_pb_section fb_built=\u00bb1&#8243; custom_padding_last_edited=\u00bbon|desktop\u00bb _builder_version=\u00bb4.16&#8243; custom_padding_tablet=\u00bb50px|0|50px|0&#8243; custom_padding_phone=\u00bb\u00bb custom_css_main_element=\u00bbpadding-bottom:0px;\u00bb transparent_background=\u00bboff\u00bb padding_mobile=\u00bboff\u00bb global_colors_info=\u00bb{}\u00bb][et_pb_row _builder_version=\u00bb4.16&#8243; background_size=\u00bbinitial\u00bb background_position=\u00bbtop_left\u00bb background_repeat=\u00bbrepeat\u00bb global_colors_info=\u00bb{}\u00bb][et_pb_column type=\u00bb4_4&#8243; _builder_version=\u00bb4.16&#8243; custom_padding=\u00bb|||\u00bb global_colors_info=\u00bb{}\u00bb custom_padding__hover=\u00bb|||\u00bb][et_pb_post_title meta=\u00bboff\u00bb featured_image=\u00bboff\u00bb text_color=\u00bblight\u00bb text_background=\u00bbon\u00bb text_bg_color=\u00bb#222222&#8243; admin_label=\u00bbT\u00edtulo de publicaci\u00f3n\u00bb _builder_version=\u00bb4.27.0&#8243; title_font_size=\u00bb18px\u00bb title_all_caps=\u00bboff\u00bb background_color=\u00bbrgba(255,255,255,0)\u00bb parallax=\u00bbon\u00bb parallax_method=\u00bboff\u00bb parallax_effect=\u00bbon\u00bb module_bg_color=\u00bbrgba(255,255,255,0)\u00bb global_colors_info=\u00bb{}\u00bb][\/et_pb_post_title][\/et_pb_column][\/et_pb_row][\/et_pb_section][et_pb_section fb_built=\u00bb1&#8243; custom_padding_last_edited=\u00bbon|desktop\u00bb _builder_version=\u00bb4.16&#8243; custom_padding_tablet=\u00bb50px|0|50px|0&#8243; custom_padding_phone=\u00bb\u00bb custom_css_main_element=\u00bbpadding-top:0px;\u00bb transparent_background=\u00bboff\u00bb padding_mobile=\u00bboff\u00bb global_colors_info=\u00bb{}\u00bb][et_pb_row column_structure=\u00bb2_3,1_3&#8243; _builder_version=\u00bb4.16&#8243; background_size=\u00bbinitial\u00bb background_position=\u00bbtop_left\u00bb background_repeat=\u00bbrepeat\u00bb global_colors_info=\u00bb{}\u00bb][et_pb_column type=\u00bb2_3&#8243; _builder_version=\u00bb4.16&#8243; custom_padding=\u00bb|||\u00bb global_colors_info=\u00bb{}\u00bb custom_padding__hover=\u00bb|||\u00bb][et_pb_image src=\u00bbhttps:\/\/aims.cat\/wp-content\/uploads\/2025\/11\/Anna-Puig_viola-2.jpg\u00bb title_text=\u00bbAnna Puig_viola\u00bb show_in_lightbox=\u00bbon\u00bb align_tablet=\u00bbcenter\u00bb align_phone=\u00bb\u00bb align_last_edited=\u00bbon|desktop\u00bb _builder_version=\u00bb4.27.0&#8243; animation_direction=\u00bboff\u00bb animation=\u00bboff\u00bb global_colors_info=\u00bb{}\u00bb][\/et_pb_image][\/et_pb_column][et_pb_column type=\u00bb1_3&#8243; _builder_version=\u00bb4.16&#8243; custom_padding=\u00bb|||\u00bb global_colors_info=\u00bb{}\u00bb custom_padding__hover=\u00bb|||\u00bb][et_pb_button button_url=\u00bbhttps:\/\/aims.cat\/es\/aims-academia\/inscripcion-pago\/\u00bb button_text=\u00bbRegistration form\u00bb button_alignment=\u00bbleft\u00bb _builder_version=\u00bb4.16&#8243; custom_button=\u00bbon\u00bb button_text_size=\u00bb13&#8243; button_text_color=\u00bb#000000&#8243; button_bg_color=\u00bb#eeeeee\u00bb button_border_color=\u00bb#eeeeee\u00bb button_icon=\u00bb&#x6c;||divi||400&#8243; button_icon_placement=\u00bbleft\u00bb button_on_hover=\u00bboff\u00bb button_text_size_last_edited=\u00bboff|desktop\u00bb button_text_color_hover=\u00bb#ffffff\u00bb button_border_color_hover=\u00bb#ea4951&#8243; button_bg_color_hover=\u00bb#ea4951&#8243; global_colors_info=\u00bb{}\u00bb button_text_size__hover_enabled=\u00bboff\u00bb button_one_text_size__hover_enabled=\u00bboff\u00bb button_two_text_size__hover_enabled=\u00bboff\u00bb button_text_color__hover_enabled=\u00bbon\u00bb button_text_color__hover=\u00bb#ffffff\u00bb button_one_text_color__hover_enabled=\u00bboff\u00bb button_two_text_color__hover_enabled=\u00bboff\u00bb button_border_width__hover_enabled=\u00bboff\u00bb button_one_border_width__hover_enabled=\u00bboff\u00bb button_two_border_width__hover_enabled=\u00bboff\u00bb button_border_color__hover_enabled=\u00bbon\u00bb button_border_color__hover=\u00bb#ea4951&#8243; button_one_border_color__hover_enabled=\u00bboff\u00bb button_two_border_color__hover_enabled=\u00bboff\u00bb button_border_radius__hover_enabled=\u00bboff\u00bb button_one_border_radius__hover_enabled=\u00bboff\u00bb button_two_border_radius__hover_enabled=\u00bboff\u00bb button_letter_spacing__hover_enabled=\u00bboff\u00bb button_one_letter_spacing__hover_enabled=\u00bboff\u00bb button_two_letter_spacing__hover_enabled=\u00bboff\u00bb button_bg_color__hover_enabled=\u00bbon\u00bb button_bg_color__hover=\u00bb#ea4951&#8243; button_one_bg_color__hover_enabled=\u00bboff\u00bb button_two_bg_color__hover_enabled=\u00bboff\u00bb][\/et_pb_button][et_pb_text admin_label=\u00bbHighlights\u00bb module_class=\u00bbhighlights\u00bb _builder_version=\u00bb4.20.4&#8243; background_size=\u00bbinitial\u00bb background_position=\u00bbtop_left\u00bb background_repeat=\u00bbrepeat\u00bb module_alignment=\u00bbleft\u00bb global_colors_info=\u00bb{}\u00bb]<\/p>\n<h3>Viola<\/h3>\n<h3>Profesora en ESMUC y en la Hochschule f\u00fcr Musik de Freiburg<\/h3>\n<h3>AIMS Academia 2026<br \/>del 5 al 15 de agosto<\/h3>\n<p>[\/et_pb_text][\/et_pb_column][\/et_pb_row][et_pb_row _builder_version=\u00bb4.16&#8243; global_colors_info=\u00bb{}\u00bb][et_pb_column type=\u00bb4_4&#8243; _builder_version=\u00bb4.16&#8243; global_colors_info=\u00bb{}\u00bb][et_pb_text admin_label=\u00bbTexto\u00bb _builder_version=\u00bb4.27.0&#8243; background_size=\u00bbinitial\u00bb background_position=\u00bbtop_left\u00bb background_repeat=\u00bbrepeat\u00bb module_alignment=\u00bbleft\u00bb global_colors_info=\u00bb{}\u00bb]<\/p>\n<p style=\"text-align: justify;\">Anna Puig es una m\u00fasica polifac\u00e9tica cuya trayectoria abarca distintos \u00e1mbitos de la interpretaci\u00f3n. Apasionada por la m\u00fasica de c\u00e1mara y los valores que esta representa, combina su carrera art\u00edstica con una intensa labor pedag\u00f3gica como profesora de viola y m\u00fasica de c\u00e1mara en la ESMUC\u00a0(Escuela Superior de M\u00fasica de Catalunya) y la\u00a0Hochschule f\u00fcr Musik de Freiburg.<\/p>\n<p style=\"text-align: justify;\">Desde 2013, es viola solista de\u00a0Camerata Bern\u00a0y, entre 2008 y 2024, form\u00f3 parte de la\u00a0Mahler Chamber Orchestra. Estas experiencias han dejado una huella profunda en su visi\u00f3n art\u00edstica, moldeando una identidad musical basada en la escucha activa, la interacci\u00f3n y el respeto. Adem\u00e1s, ha ocupado la plaza de viola solista en la\u00a0OBC\u00a0(Orquestra Simf\u00f2nica de Barcelona i Nacional de Catalunya), lo que le ha permitido sumergirse en el gran repertorio sinf\u00f3nico.<\/p>\n<p style=\"text-align: justify;\">En 2022, emprendi\u00f3 el\u00a0Festival Llavors\u00a0en el que ejerce como directora art\u00edstica y docente. Esta iniciativa busca descentralizar la actividad acad\u00e9mica y acercarla a Les Borges Blanques, ofreciendo conciertos y talleres que enriquecen la vida cultural de la regi\u00f3n.<\/p>\n<p style=\"text-align: justify;\">\u00a0Nacida en Cervera, Anna comenz\u00f3 sus estudios de viola y piano en el Conservatorio de su ciudad natal, impulsada por su abuelo paterno. M\u00e1s adelante, continu\u00f3 su formaci\u00f3n en Alemania en la prestigiosa Hochschule f\u00fcr Musik Hanns Eisler de Berl\u00edn, donde estudi\u00f3 con Walter K\u00fcssner y Tabea Zimmermann, a quienes guarda un profundo agradecimiento.<\/p>\n<p>[\/et_pb_text][\/et_pb_column][\/et_pb_row][\/et_pb_section]<\/p>\n","protected":false},"excerpt":{"rendered":"<p>Viola Profesora en ESMUC y en la Hochschule f\u00fcr Musik de Freiburg AIMS Academia 2026del 5 al 15 de agostoAnna Puig es una m\u00fasica polifac\u00e9tica cuya trayectoria abarca distintos \u00e1mbitos [&hellip;]<\/p>\n","protected":false},"author":3,"featured_media":0,"parent":0,"menu_order":0,"comment_status":"closed","ping_status":"closed","template":"","meta":{"_acf_changed":false,"_et_pb_use_builder":"on","_et_pb_old_content":"","_et_gb_content_width":"","footnotes":"","_links_to":"","_links_to_target":""},"class_list":["post-17719","page","type-page","status-publish","hentry"],"acf":[],"_links":{"self":[{"href":"https:\/\/aims.cat\/es\/wp-json\/wp\/v2\/pages\/17719","targetHints":{"allow":["GET"]}}],"collection":[{"href":"https:\/\/aims.cat\/es\/wp-json\/wp\/v2\/pages"}],"about":[{"href":"https:\/\/aims.cat\/es\/wp-json\/wp\/v2\/types\/page"}],"author":[{"embeddable":true,"href":"https:\/\/aims.cat\/es\/wp-json\/wp\/v2\/users\/3"}],"replies":[{"embeddable":true,"href":"https:\/\/aims.cat\/es\/wp-json\/wp\/v2\/comments?post=17719"}],"version-history":[{"count":6,"href":"https:\/\/aims.cat\/es\/wp-json\/wp\/v2\/pages\/17719\/revisions"}],"predecessor-version":[{"id":18105,"href":"https:\/\/aims.cat\/es\/wp-json\/wp\/v2\/pages\/17719\/revisions\/18105"}],"wp:attachment":[{"href":"https:\/\/aims.cat\/es\/wp-json\/wp\/v2\/media?parent=17719"}],"curies":[{"name":"wp","href":"https:\/\/api.w.org\/{rel}","templated":true}]}}

<p>[et_pb_section fb_built=»1&#8243; custom_padding_last_edited=»on|desktop» _builder_version=»4.16&#8243; custom_padding_tablet=»50px|0|50px|0&#8243; custom_padding_phone=»» custom_css_main_element=»padding-bottom:0px;» transparent_background=»off» padding_mobile=»off» global_colors_info=»{}»][et_pb_row _builder_version=»4.16&#8243; background_size=»initial» background_position=»top_left» background_repeat=»repeat» global_colors_info=»{}»][et_pb_column type=»4_4&#8243; _builder_version=»4.16&#8243; custom_padding=»|||» global_colors_info=»{}» custom_padding__hover=»|||»][et_pb_post_title meta=»off» featured_image=»off» text_color=»light» text_background=»on» text_bg_color=»#222222&#8243; admin_label=»Título de publicación» _builder_version=»4.27.0&#8243; title_font_size=»18px» title_all_caps=»off» background_color=»rgba(255,255,255,0)» parallax=»on» parallax_method=»off» parallax_effect=»on» module_bg_color=»rgba(255,255,255,0)» global_colors_info=»{}»][/et_pb_post_title][/et_pb_column][/et_pb_row][/et_pb_section][et_pb_section fb_built=»1&#8243; custom_padding_last_edited=»on|desktop» _builder_version=»4.16&#8243; custom_padding_tablet=»50px|0|50px|0&#8243; custom_padding_phone=»» custom_css_main_element=»padding-top:0px;» transparent_background=»off» padding_mobile=»off» global_colors_info=»{}»][et_pb_row column_structure=»2_3,1_3&#8243; _builder_version=»4.16&#8243; background_size=»initial» background_position=»top_left» background_repeat=»repeat» global_colors_info=»{}»][et_pb_column type=»2_3&#8243; _builder_version=»4.16&#8243; custom_padding=»|||» global_colors_info=»{}» custom_padding__hover=»|||»][et_pb_image src=»https://aims.cat/wp-content/uploads/2025/11/Anna-Puig_viola-2.jpg» title_text=»Anna Puig_viola» show_in_lightbox=»on» align_tablet=»center» align_phone=»» align_last_edited=»on|desktop» _builder_version=»4.27.0&#8243; animation_direction=»off» animation=»off» global_colors_info=»{}»][/et_pb_image][/et_pb_column][et_pb_column type=»1_3&#8243; _builder_version=»4.16&#8243; custom_padding=»|||» global_colors_info=»{}» custom_padding__hover=»|||»][et_pb_button button_url=»https://aims.cat/es/aims-academia/inscripcion-pago/» button_text=»Registration form» button_alignment=»left» _builder_version=»4.16&#8243; custom_button=»on» button_text_size=»13&#8243; button_text_color=»#000000&#8243; button_bg_color=»#eeeeee» button_border_color=»#eeeeee» button_icon=»&#x6c;||divi||400&#8243; button_icon_placement=»left» button_on_hover=»off» button_text_size_last_edited=»off|desktop» button_text_color_hover=»#ffffff» button_border_color_hover=»#ea4951&#8243; button_bg_color_hover=»#ea4951&#8243; global_colors_info=»{}» button_text_size__hover_enabled=»off» button_one_text_size__hover_enabled=»off» button_two_text_size__hover_enabled=»off» button_text_color__hover_enabled=»on» button_text_color__hover=»#ffffff» button_one_text_color__hover_enabled=»off» button_two_text_color__hover_enabled=»off» button_border_width__hover_enabled=»off» button_one_border_width__hover_enabled=»off» button_two_border_width__hover_enabled=»off» button_border_color__hover_enabled=»on» button_border_color__hover=»#ea4951&#8243; button_one_border_color__hover_enabled=»off» button_two_border_color__hover_enabled=»off» button_border_radius__hover_enabled=»off» button_one_border_radius__hover_enabled=»off» button_two_border_radius__hover_enabled=»off» button_letter_spacing__hover_enabled=»off» button_one_letter_spacing__hover_enabled=»off» button_two_letter_spacing__hover_enabled=»off» button_bg_color__hover_enabled=»on» button_bg_color__hover=»#ea4951&#8243; button_one_bg_color__hover_enabled=»off» button_two_bg_color__hover_enabled=»off»][/et_pb_button][et_pb_text admin_label=»Highlights» module_class=»highlights» _builder_version=»4.20.4&#8243; background_size=»initial» background_position=»top_left» background_repeat=»repeat» module_alignment=»left» global_colors_info=»{}»]</p>
<h3>Viola</h3>
<h3>Profesora en ESMUC y en la Hochschule für Musik de Freiburg</h3>
<h3>AIMS Academia 2026<br />del 5 al 15 de agosto</h3>
<p>[/et_pb_text][/et_pb_column][/et_pb_row][et_pb_row _builder_version=»4.16&#8243; global_colors_info=»{}»][et_pb_column type=»4_4&#8243; _builder_version=»4.16&#8243; global_colors_info=»{}»][et_pb_text admin_label=»Texto» _builder_version=»4.27.0&#8243; background_size=»initial» background_position=»top_left» background_repeat=»repeat» module_alignment=»left» global_colors_info=»{}»]</p>
<p style="text-align: justify;">Anna Puig es una música polifacética cuya trayectoria abarca distintos ámbitos de la interpretación. Apasionada por la música de cámara y los valores que esta representa, combina su carrera artística con una intensa labor pedagógica como profesora de viola y música de cámara en la ESMUC (Escuela Superior de Música de Catalunya) y la Hochschule für Musik de Freiburg.</p>
<p style="text-align: justify;">Desde 2013, es viola solista de Camerata Bern y, entre 2008 y 2024, formó parte de la Mahler Chamber Orchestra. Estas experiencias han dejado una huella profunda en su visión artística, moldeando una identidad musical basada en la escucha activa, la interacción y el respeto. Además, ha ocupado la plaza de viola solista en la OBC (Orquestra Simfònica de Barcelona i Nacional de Catalunya), lo que le ha permitido sumergirse en el gran repertorio sinfónico.</p>
<p style="text-align: justify;">En 2022, emprendió el Festival Llavors en el que ejerce como directora artística y docente. Esta iniciativa busca descentralizar la actividad académica y acercarla a Les Borges Blanques, ofreciendo conciertos y talleres que enriquecen la vida cultural de la región.</p>
<p style="text-align: justify;"> Nacida en Cervera, Anna comenzó sus estudios de viola y piano en el Conservatorio de su ciudad natal, impulsada por su abuelo paterno. Más adelante, continuó su formación en Alemania en la prestigiosa Hochschule für Musik Hanns Eisler de Berlín, donde estudió con Walter Küssner y Tabea Zimmermann, a quienes guarda un profundo agradecimiento.</p>
<p>[/et_pb_text][/et_pb_column][/et_pb_row][/et_pb_section]</p>

<p>Viola Profesora en ESMUC y en la Hochschule für Musik de Freiburg AIMS Academia 2026del 5 al 15 de agostoAnna Puig es una música polifacética cuya trayectoria abarca distintos ámbitos [&hellip;]</p>
